ve of q**2 - q + 2. Let v be x(2). Suppose 4*k = 2*u - 60, -67*u + 70*u = -2*k + 66. What is the highest common factor of v and u?
3
Suppose f - 151 = -4*y, -7*y + 11*y - 3*f = 171. What is the highest common divisor of y and 1781?
13
Let z(y) = 2*y**2 + 24*y + 32. Let x be z(-15). Let u(i) = -14*i - 49. Let w be u(2). Let n = x + w. What is the greatest common factor of n and 30?
15
Suppose 272 = -4*g + 976. Let k = 23795 - 23685. Calculate the greatest common divisor of g and k.
22
Let k(u) = -u**3 + 6*u**2 - 210*u + 1053. Let l be k(5). Calculate the greatest common factor of 1687 and l.
7
Let f(u) = -1543*u + 1556. Let q be f(-8). Calculate the highest common factor of q and 50.
50
Let b(u) = 26*u**2 - 194*u - 390. Let h be b(-2). Calculate the highest common factor of 136 and h.
34
Let q(i) = -i**3 - 21*i**2 - 10*i - 70. Let a be q(-21). Calculate the highest common divisor of a and 1785.
35
Suppose -3*f = -0*z + 5*z - 2689, -f + 1076 = 2*z. Let n be ((-159)/6 - -2)*28/(-14). What is the highest common factor of n and z?
49
Let v(n) = -94*n - 12615. Let x be v(-135). What is the highest common divisor of x and 60?
15
Let w be (-4)/(-140)*355 - (-3)/(-21). Let u = 14 - 13. Suppose 4*j - 4*n = 168, -j - n + 37 = -u. Calculate the highest common factor of j and w.
10
Suppose -4*d - 66 = -4*p - 22, 5*p - 3*d - 51 = 0. Calculate the highest common factor of p and 2151.
9
Let l be 54/8 - (-2)/8. Let b be (l/((-84)/18))/((-12)/208). Calculate the highest common factor of b and 26.
26
Suppose -3*j + 7690 = 5*i, 4*i - 77*j = -81*j + 6144. What is the highest common divisor of 737 and i?
67
Let i(y) = -y**3 + 9*y**2 + 9*y + 13. Let r be i(10). Suppose 2*m + 5*b - 154 = b, 5*m + r*b = 378. What is the greatest common factor of 25 and m?
25
Suppose -3*x - 121*z + 2233 = -123*z, 4*z + 20 = 0. Calculate the highest common divisor of x and 273.
39
Suppose -10*f = -8*f - 8. Suppose 0 = a - 11 - f. Suppose v - 65 - 40 = 0. Calculate the highest common divisor of a and v.
15
Let f = -2424 - -2430. Suppose 3*p + 96 = 4*u, 0*u = -3*p + 5*u - 99. Let t = p + 40. What is the highest common divisor of f and t?
6
Let p be ((-3)/(-18))/((-12)/(-396))*34. Let l = -184 + p. What is the greatest common factor of 11 and l?
1
Suppose -73*x + 110*x - 667985 = 7635. What is the highest common factor of x and 55?
55
Let g(d) = 33*d - 620. Let t be g(27). What is the greatest common factor of 1 and t?
1
Let p = 2098 + -1398. What is the highest common divisor of p and 500?
100
Suppose -3*h + r = -41, 4*h + 140*r - 54 = 142*r. What is the highest common divisor of h and 182?
14
Suppose -42*i + 45*i = 594. Suppose 4*c + 0 + 10 = m, -2*m + 4*c + 32 = 0. What is the highest common factor of m and i?
22
Suppose 0 = -9*l - 19*l + 504. Suppose 0 = 3*p + l*p - 756. Calculate the greatest common divisor of p and 45.
9
Suppose -3*r = 9, -4*g + r + 152 = 33. Suppose g*q = 20*q + 126. What is the highest common divisor of q and 21?
7
Let r be (-6 - -1)/(1/(-61)). Suppose 534*d - 833*d + 72956 = 0. Calculate the greatest common factor of r and d.
61
Suppose -4*g - 33 = -u + 14, 4*g = 5*u - 219. Let s(h) = -h**3 + 6*h**2 + 48*h + 120. Let n be s(-9). Calculate the highest common factor of u and n.
43
Let l be (45/6)/((-1)/(-6)). Let d(j) = 3*j**3 + 21*j**2 + 12*j - 54. Let p be d(-5). Calculate the greatest common divisor of l and p.
9
Suppose 8*p - 9*p - 4*k + 233 = 0, -2*p + 448 = 2*k. What is the greatest common factor of p and 1807?
13
Suppose -2*f = 2*a - 388, -3*f - 4*a + 381 = -205. What is the greatest common factor of 1482 and f?
38
Suppose -4*d + 96 = 2*n, -4*n = -2*d - 164 - 68. Calculate the highest common divisor of 616 and n.
56
Suppose 0 = 28*n - 25*n - 9. Let t be n/(6/(-5))*880/(-100). Suppose 5*g + t = 52. What is the highest common factor of g and 66?
6
Let i(o) = 21*o**2. Let k be i(1). Suppose -d - 12 = -4*d. Suppose 2*f - 2*g = 452, 6*g = 5*f + d*g - 1145. Calculate the greatest common divisor of k and f.
21
Let s be (-6)/9 + (2/(-12) - 7065/(-54)). What is the highest common divisor of s and 370?
10
Let w(l) = -l**2 + 2*l - 14. Let o be w(9). Let c be 4 + -2 + -1 - o. Let b = 105 - c. Calculate the highest common divisor of b and 36.
9
Suppose -3*c + 2133 = 3*z, -2*c + 178*z + 1413 = 177*z. What is the highest common divisor of 531 and c?
177
Suppose 437*g - 7700 = 247071. What is the greatest common factor of 77 and g?
11
Suppose 3*c + 3179*g = 3175*g + 270, -c - 5*g + 90 = 0. What is the highest common factor of c and 230?
10
Suppose 0 = -14*z + 1988 - 1974. Calculate the greatest common divisor of z and 17.
1
Suppose 25*q = 30*q - 5*o - 975, 4*q = -4*o + 804. Suppose 21*s - 30*s = -q. What is the highest common factor of 286 and s?
22
Let g = 5 + 32. Suppose -3*l - 3*t + 321 = 0, -4*l + 2*t + 563 = l. Calculate the greatest common divisor of l and g.
37
Let m(l) = 38*l + 840. Let u be m(0). Suppose 18525 = u*t - 825*t. What is the highest common divisor of 95 and t?
95
Suppose -2*u - 4*f + 119 = u, -5*u + 213 = 3*f. Suppose 3*c - 7*c + 3 = 3*h, 0 = 2*c - 5*h - 21. What is the greatest common divisor of c and u?
3
Let c = 116 - 112. Suppose 3*v = c*p - 126, -4*v + 2 = -3*v. What is the highest common factor of p and 11?
11
Let r be -4 + (-3 - 2) - -12. Suppose d - 165 = -4*d. Calculate the greatest common factor of d and r.
3
Let i be 292/20 + 6/15. Suppose -p + 1 = 0, 0 = -5*d - 4*p - 0 + 9. Let y be -30*(2 + 0)/(-4 - d). Calculate the highest common divisor of y and i.
3
Let i(w) = 26*w**2 - 80*w - 364. Let f be i(-8). Calculate the greatest common divisor of f and 20.
20
Suppose -36 = 3*v - 33, -5*d + 1372 = 3*v. What is the highest common divisor of d and 10?
5
Let i = -7947 - -17263. What is the highest common divisor of i and 17?
17
Let w(o) = 115*o + 295. Let c be w(-1). What is the highest common factor of c and 1044?
36
Suppose 9 = b - 2*l - 3, -5*b + 60 = 2*l. Let m(i) = 7*i**2 + 2*i + 1. Suppose 0*n + 5*n = -5. Let f be m(n). What is the greatest common divisor of b and f?
6
Let p(u) = -u + 12. Let a be p(6). Suppose -156 = -a*k + 42. What is the greatest common divisor of 44 and k?
11
Suppose 2*o + 36 = -k, 5*o + 11 = -5*k - 79. Let x be 82/4 - (-3 + o/(-4)). Let u be x + (4/6)/(2/(-12)). What is the greatest common divisor of 45 and u?
15
Let x = 14864 + -14859. What is the highest common factor of 523 and x?
1
Let f(s) = -s + 3. Let i be f(-9). Let z(t) = t**3 + 18*t**2 - 9*t - 35. Let a be z(-17). Let r = a - 275. What is the highest common factor of r and i?
12
Let q be 15437/43 - 4/(16/28). Calculate the greatest common factor of 22 and q.
22
Let v = 310 + 40. Suppose 0 = -7*u + 63 + 35. Calculate the highest common divisor of u and v.
14
Let m = 728 - 713. Suppose 10*x - 150 = -m*x. What is the highest common factor of 9 and x?
3
Suppose 0 = 3*c + c - 8. Let p be (-16)/32 - 79/c. Let t = -26 - p. Calculate the greatest common factor of 56 and t.
14
Let o be 977/3 - (-8)/(-36)*3. Suppose 53 = 2*d + 3*m + 21, 0 = 2*d + 4*m - 34. What is the highest common factor of o and d?
13
Suppose -390 = -m - 2*m. Let c(r) = -1 + m*r**2 + 73*r**2 - 215*r + 213*r. Let z be c(-1). Calculate the greatest common factor of 12 and z.
12
Suppose 3*d = 9, 3*h + 2*d + 63 = 4*h. Calculate the highest common divisor of h and 506.
23
Suppose 92*a - 383 = 88*a - 3*c, 3*a = 3*c + 261. Calculate the highest common divisor of a and 276.
92
Suppose 0 = -20551*m + 20628*m - 19404. Calculate the highest common divisor of 9282 and m.
42
Let d = -2867 + 2976. Calculate the highest common factor of 6322 and d.
109
Suppose 136*v - 2772 = 132*v + 3*y, 2*v + 2*y = 1400. What is the highest common divisor of v and 29?
29
Let l(p) = -20*p - 5 + 4*p**2 - 9*p**2 + 59 + 4*p**2. Let f be l(-21). Let i be -1 + 2 + 2 + 0. What is the highest common factor of f and i?
3
Let h(o) = -o**2 + 12*o - 3. Let d be h(12). Let t be 6/d - (-1 + -2 + 0). Calculate the highest common factor of 38 and t.
1
Suppose -29*t + 28*t + 1173 = k, -5*t - 2*k + 5844 = 0. Calculate the greatest common factor of t and 2491.
53
Let n be 1/((-9)/(-18)) + 9 + 507. What is the highest common factor of n and 574?
14
Let x = 3 + 0. Suppose 11 = x*r - 58. Let c = 327 - 235. Calculate the highest common divisor of c an